{"id":1391,"date":"2023-01-26T22:30:13","date_gmt":"2023-01-27T01:30:13","guid":{"rendered":"http:\/\/tienda.inovus.cl\/shop\/?post_type=product&#038;p=1391"},"modified":"2023-01-27T01:44:11","modified_gmt":"2023-01-27T04:44:11","slug":"analogo-nobelbiocare-nobelactive-compatible","status":"publish","type":"product","link":"https:\/\/tienda.inovus.cl\/shop\/product\/analogo-nobelbiocare-nobelactive-compatible\/","title":{"rendered":"An\u00e1logo NobelBiocare\u00ae NobelActive\u00ae Compatible"},"content":{"rendered":"<p>An\u00e1logo NobelBiocare\u00ae NobelActive\u00ae Compatible<\/p>\n<p>Di\u00e1metros \u00f8 3.5, \u00f8 4.3\u00a0 y \u00f8 5.0 mm<\/p>\n","protected":false},"excerpt":{"rendered":"<p>An\u00e1logo NobelBiocare\u00ae NobelActive\u00ae Compatible Di\u00e1metros \u00f8 3.5, \u00f8 4.3\u00a0 y \u00f8 5.0 mm<\/p>\n","protected":false},"featured_media":1392,"comment_status":"open","ping_status":"closed","template":"","meta":[],"product_brand":[],"product_cat":[272,268],"product_tag":[],"class_list":{"0":"post-1391","1":"product","2":"type-product","3":"status-publish","4":"has-post-thumbnail","6":"product_cat-nobel-active","7":"product_cat-nobel-biocare-compatibles","9":"first","10":"instock","11":"shipping-taxable","12":"purchasable","13":"product-type-variable"},"jetpack_sharing_enabled":true,"_links":{"self":[{"href":"https:\/\/tienda.inovus.cl\/shop\/wp-json\/wp\/v2\/product\/1391","targetHints":{"allow":["GET"]}}],"collection":[{"href":"https:\/\/tienda.inovus.cl\/shop\/wp-json\/wp\/v2\/product"}],"about":[{"href":"https:\/\/tienda.inovus.cl\/shop\/wp-json\/wp\/v2\/types\/product"}],"replies":[{"embeddable":true,"href":"https:\/\/tienda.inovus.cl\/shop\/wp-json\/wp\/v2\/comments?post=1391"}],"wp:featuredmedia":[{"embeddable":true,"href":"https:\/\/tienda.inovus.cl\/shop\/wp-json\/wp\/v2\/media\/1392"}],"wp:attachment":[{"href":"https:\/\/tienda.inovus.cl\/shop\/wp-json\/wp\/v2\/media?parent=1391"}],"wp:term":[{"taxonomy":"product_brand","embeddable":true,"href":"https:\/\/tienda.inovus.cl\/shop\/wp-json\/wp\/v2\/product_brand?post=1391"},{"taxonomy":"product_cat","embeddable":true,"href":"https:\/\/tienda.inovus.cl\/shop\/wp-json\/wp\/v2\/product_cat?post=1391"},{"taxonomy":"product_tag","embeddable":true,"href":"https:\/\/tienda.inovus.cl\/shop\/wp-json\/wp\/v2\/product_tag?post=1391"}],"curies":[{"name":"wp","href":"https:\/\/api.w.org\/{rel}","templated":true}]}}