{"id":1287,"date":"2023-01-24T20:43:29","date_gmt":"2023-01-24T23:43:29","guid":{"rendered":"http:\/\/tienda.inovus.cl\/shop\/?post_type=product&#038;p=1287"},"modified":"2023-01-25T13:33:10","modified_gmt":"2023-01-25T16:33:10","slug":"pilar-multi-unit-recto-nobelbiocare-replace-trilob-compatible","status":"publish","type":"product","link":"https:\/\/tienda.inovus.cl\/shop\/product\/pilar-multi-unit-recto-nobelbiocare-replace-trilob-compatible\/","title":{"rendered":"Pilar Multi Unit Recto NobelBiocare\u00ae Replace\u00ae Trilob Compatible"},"content":{"rendered":"<p>Pilar Multi Unit Recto NobelBiocare\u00ae Replace\u00ae Trilob Compatible<\/p>\n<p>Di\u00e1metro \u00f8 3.5, \u00f8 4.1, \u00f8 5.0 y \u00f8 6.0 mm<\/p>\n<p>Altura 1.0 mm, 2.0 mm, 3.0 mm, 4.0 mm, 5.0 mm y 6.0 mm<\/p>\n","protected":false},"excerpt":{"rendered":"<p>Pilar Multi Unit Recto NobelBiocare\u00ae Replace\u00ae Trilob Compatible Di\u00e1metro \u00f8 3.5, \u00f8 4.1, \u00f8 5.0 y \u00f8 6.0 mm Altura 1.0 mm, 2.0 mm, 3.0 mm, 4.0 mm, 5.0 mm y 6.0 mm<\/p>\n","protected":false},"featured_media":1289,"comment_status":"open","ping_status":"closed","template":"","meta":[],"product_brand":[],"product_cat":[268,271,368],"product_tag":[],"class_list":{"0":"post-1287","1":"product","2":"type-product","3":"status-publish","4":"has-post-thumbnail","6":"product_cat-nobel-biocare-compatibles","7":"product_cat-replace-trilob","8":"product_cat-supra-multi-unit","10":"first","11":"instock","12":"shipping-taxable","13":"purchasable","14":"product-type-variable"},"jetpack_sharing_enabled":true,"_links":{"self":[{"href":"https:\/\/tienda.inovus.cl\/shop\/wp-json\/wp\/v2\/product\/1287","targetHints":{"allow":["GET"]}}],"collection":[{"href":"https:\/\/tienda.inovus.cl\/shop\/wp-json\/wp\/v2\/product"}],"about":[{"href":"https:\/\/tienda.inovus.cl\/shop\/wp-json\/wp\/v2\/types\/product"}],"replies":[{"embeddable":true,"href":"https:\/\/tienda.inovus.cl\/shop\/wp-json\/wp\/v2\/comments?post=1287"}],"wp:featuredmedia":[{"embeddable":true,"href":"https:\/\/tienda.inovus.cl\/shop\/wp-json\/wp\/v2\/media\/1289"}],"wp:attachment":[{"href":"https:\/\/tienda.inovus.cl\/shop\/wp-json\/wp\/v2\/media?parent=1287"}],"wp:term":[{"taxonomy":"product_brand","embeddable":true,"href":"https:\/\/tienda.inovus.cl\/shop\/wp-json\/wp\/v2\/product_brand?post=1287"},{"taxonomy":"product_cat","embeddable":true,"href":"https:\/\/tienda.inovus.cl\/shop\/wp-json\/wp\/v2\/product_cat?post=1287"},{"taxonomy":"product_tag","embeddable":true,"href":"https:\/\/tienda.inovus.cl\/shop\/wp-json\/wp\/v2\/product_tag?post=1287"}],"curies":[{"name":"wp","href":"https:\/\/api.w.org\/{rel}","templated":true}]}}